 of c.
2, 3, 11
Let j = -1042 + 4573. List the prime factors of j.
3, 11, 107
Suppose -15 = -5*n - 20. Let f be (-51 - -4)/(-1) + n. Suppose -g + 2 = -0*g, 3*t - g = f. List the prime factors of t.
2
Suppose 4*a - 6 - 17 = 5*r, 2*r + 16 = 5*a. Suppose a*h + 112 = 334. Suppose 0 = -2*i + 133 + h. List the prime factors of i.
2, 61
What are the prime factors of ((-144557)/2)/(322/(-184))?
2, 107, 193
Suppose 16*u - 2 = 15*u. Suppose 503 = -4*s - 3*d, 3*s + 518 = -s + u*d. Let l = -85 - s. What are the prime factors of l?
43
Let a(f) = -f**2 - 5*f - 6. Let h be a(-7). Let o be (18/(-8) + 2)*h. Suppose -1 + 12 = q + 5*s, -o*q = s - 55. What are the prime factors of q?
11
Let y(t) = -4*t**2 + 75*t - 78. Let f be y(16). Let h = -62 + 40. Let m = f + h. List the prime factors of m.
2, 19
Suppose -10*p + 15 = -5*p. Suppose 3*v - g = 34, -5*v + 4*g + 26 = -p*v. Let m(d) = d**3 - 12*d**2 + 13*d - 13. What are the prime factors of m(v)?
3
Let n(h) = h**3 + 4*h**2 + 2*h + 1. Let a = -57 + 54. Let d be n(a). Suppose 7*z + 278 = 4*q + 5*z, 5*q + d*z - 315 = 0. What are the prime factors of q?
67
Suppose -q - 2*g = 2, 1 - 5 = q + 3*g. Suppose -15 = 5*a - 8*a. Suppose -4*j + 96 = a*r, q*j = -3*r + 39 + 9. What are the prime factors of j?
2, 3
Suppose 0 = -3*z + j + 68 + 88, 0 = -2*z + 3*j + 97. Let w = z + -100. Let p = -45 - w. What are the prime factors of p?
2
Suppose 3*g - 223 - 716 = 0. Suppose -x = -2*q + g, 1 - 4 = 3*x. List the prime factors of q.
2, 3, 13
Let w be (-560)/(-25) + 5/((-25)/2). Let h = -20 + w. List the prime factors of (50/(-30))/(1*h/(-78)).
5, 13
What are the prime factors of (-988 + 998)*(1 - -5320)?
2, 5, 17, 313
Let p(o) = -306*o - 2383. What are the prime factors of p(-91)?
25463
What are the prime factors of (222*2/16)/(9/228)?
19, 37
Let s(f) = 7731*f - 401. What are the prime factors of s(4)?
131, 233
Let w be 3 + 4/(-4) + 81 + -5. Suppose 3*l + 55 = 2*t + 133, 3*l = 4*t + w. What are the prime factors of l?
2, 13
Let h(t) = -108*t + 136. Let w be h(-4). Suppose g - 9*z = -5*z + w, -3*z = -g + 564. List the prime factors of g.
2, 3, 23
Suppose q + 4104 = -7*q. Let f = 997 + q. Suppose a = -a + f. What are the prime factors of a?
2, 11
Suppose d - 528 = -2*d. Suppose 264 = 3*f - 5*m, 4*f - m = 6*f - d. List the prime factors of f.
2, 11
Suppose 0 = 5*r + 12*r - 187. Suppose r*s - 1107 = 8*s. List the prime factors of s.
3, 41
Suppose -18*j + 19470 = -12*j. Suppose -12*t = -7*t - j. List the prime factors of t.
11, 59
Let z(b) = 217*b**2 - 22*b + 20. List the prime factors of z(1).
5, 43
Let w(v) = 284*v**3 + 2*v**2 - 153*v + 647. What are the prime factors of w(6)?
5, 7, 1747
Suppose -4*x + 1 = -5*w - 0, 0 = -5*x - 2*w + 26. Suppose -4*j + 7*j = -m + 1, -3*m + 3*j = -27. List the prime factors of m/((-7)/(-74)) + x.
2, 3, 13
Let n = -436 + 442. Let z(m) = 28*m**2 - 13*m - 16. List the prime factors of z(n).
2, 457
Let z(y) be the second derivative of -y**4/12 - 8*y**3/3 + 18*y**2 + 3*y. Let c be z(-18). Suppose c = 2*b - 204 + 78. What are the prime factors of b?
3, 7
Suppose 0 = 5*k + 9*k - 32816. What are the prime factors of k?
2, 293
Suppose 4 + 26 = 10*r. Let s be (-112)/84 + 10/r. Suppose 548 = s*g - z, -2*z - 277 = -g - 0*z. What are the prime factors of g?
3, 7, 13
Let u be ((-133)/(-35) - 2)*205. Let q = 742 - u. What are the prime factors of q?
373
Let u(q) = -q**3 - 8*q**2 - 12*q - 105. Let d be u(-8). Suppose -2*c = -4*a + 136, 15 = 4*a - 5. List the prime factors of c/3*d*(-4)/(-8).
3, 29
Let m(y) be the third derivative of y**5/60 - y**4/24 - 12*y**2. Let j be m(2). Suppose 2*t - 4*t - 8 = -j*c, -2*t = 2*c - 28. List the prime factors of c.
3
Let w be 1/(7/(-7581)*3). Let p = w - -424. What are the prime factors of p?
3, 7
Let b = -23758 - -49399. What are the prime factors of b?
3, 7, 11, 37
Suppose 0*h = -4*h - 20. Let j be (60/h)/(-3) + 13. Suppose -9*u + j*u = 952. List the prime factors of u.
7, 17
Let o(v) = 0*v + 12 - 6*v - 15 - 25. Let d be o(-12). Suppose 24 = -2*r + d. What are the prime factors of r?
2, 5
Suppose 15*w - 189 + 399 = 0. List the prime factors of w/21*8811/(-6).
11, 89
Suppose 14*k + 2079 = 23*k. Let x = k - -260. List the prime factors of x.
491
Suppose 3*w - 4*a = -10, w - 2*a = 2*w - 10. List the prime factors of 327 - (w/4 + (-60)/24).
7, 47
Suppose 0 = -3*i + 106 - 94. Suppose -4*f + 0*f - i = 0. List the prime factors of ((-4)/(-16))/(f/(-12)) + 14.
17
Let r(f) = 415*f - 24. Let q = 359 + -358. List the prime factors of r(q).
17, 23
Suppose 10*j + 3*m - 341666 = 0, 2*j - 38*m + 41*m - 68314 = 0. List the prime factors of j.
47, 727
Let f = -6 - -11. Let v = -2803 - -2894. Let l = f + v. What are the prime factors of l?
2, 3
Suppose 0 = -18*m + 4757 + 1867. Suppose -m - 2362 = -7*p. List the prime factors of p.
2, 3, 5, 13
Let x(y) = 8*y**3 + y**2 + 4*y + 1. Let c be x(4). Suppose 4*k + 3*v = c, 2*k + 0*v = 5*v + 305. What are the prime factors of k?
2, 5, 7
Let b be 1*79 - (-2)/(-1). Let x = 2455 - 2463. Let q = x + b. List the prime factors of q.
3, 23
Let c(b) = -324*b + 88. Let r be c(-3). Let u = r + -689. What are the prime factors of u?
7, 53
Let f be 7 + 9/6*-2. Let t be f + (-3)/(-1) + 11/(-11). What are the prime factors of 16/((-192)/(-90))*176/t?
2, 5, 11
Let j(x) = -x**3 + 2*x**2 + x - 7. Let s = -120 + 116. List the prime factors of j(s).
5, 17
List the prime factors of -3558*((-1)/(12/(-100)) - 9).
2, 593
Let c(u) = -5*u**3 + 25*u**2 + 24*u**2 - 39*u**2 + 4*u**3 - 12*u + 5. Let o(v) = -v**2 - v. Let z(g) = -c(g) - 2*o(g). What are the prime factors of z(8)?
107
Let q be 4 - 8 - (9 + 2) - 1. Let i be 9/15*4/(q/(-100)). Suppose i*a - 20*a = -1205. What are the prime factors of a?
241
Let c = -57 + 61. Let x be (1 - -3) + c/(-2) - 3. What are the prime factors of (-1 - 108/x) + -12 + 14?
109
Let g be ((-1)/(-4))/((-10)/(-120)). Suppose -g*s + 6 = 0, 4*c - 272 = 3*s + s. What are the prime factors of c?
2, 5, 7
What are the prime factors of -13 + (-2254914)/(-374) - (-4)/(-22)?
2, 47
Suppose 0 = -4*d + 2*z - 5*z + 18, 0 = -3*d + 3*z + 3. Suppose 0 = 4*o - d*c + 6*c - 2360, -o = -2*c - 601. List the prime factors of o.
593
What are the prime factors of (-2)/8*4*(-4 - 12618)?
2, 6311
Suppose -2*v + 0*y = y - 7, v + y = 3. Suppose 3*q - 11 = v. Suppose -q*b = -506 + 91. What are the prime factors of b?
83
Let h = 26570 + -13129. List the prime factors of h.
13441
Suppose -x - 5*b + 47350 = 0, 839*b - 838*b = 4*x - 189379. List the prime factors of x.
5, 17, 557
Let p = 169 - -138. Let l = p + -139. Suppose -2*x - n + l = -17, -4*x + 352 = -4*n. What are the prime factors of x?
7, 13
Suppose 117*q = -87*q + 10412976. List the prime factors of q.
2, 7, 1823
Let y = 1158 + 5059. What are the prime factors of y?
6217
Suppose -280006 = 176*t - 2238534. List the prime factors of t.
2, 13, 107
Let z = -2786 - -25718. List the prime factors of z.
2, 3, 7, 13
Let l = 11 - 9. List the prime factors of (l - 4 - -3) + 6 + 376.
383
Let r(o) = o**2 - 4*o - 12. Let h be r(8). Suppose 9*l = h*l - 7766. List the prime factors of l.
2, 353
Let n = -1374 - -2400. Suppose 4*v = -2*d + 4074, -v + n = 4*d - 2*d. What are the prime factors of v?
2, 127
Let v be 1 + 6/2 + -1. Let a(w) = -103944*w - 2 + 2*w**2 + 103946*w - 3*w**2 + 3*w**2. What are the prime factors of a(v)?
2, 11
Let a(h) = -4 - 3 + 0*h + h**2 + h. Let c be a(3). Suppose -2*t = c*z - z - 10, -z - 2*t = -4. What are the prime factors of z?
2
Let v be (3 - (-42)/(-7)) + 406. Let c = v - -354. What are the prime factors of c?
757
Let v(l) = -25*l. Let j be v(2). Let y be j/10*4/10. What are the prime factors of (-456)/(-4)*((-12)/9)/y?
2, 19
Let o(l) = -5*l + 5. Let d(y) = 3*y**2 - 4*y + 5. Let p(x) = 4*d(x) - 5*o(x). List the prime factors of p(-5).
2, 5
Let q = 596 + -242. Let a = -78 + q. List the prime factors of a.
2, 3, 23
Suppose 2*c + 12618 = 4*s, -310*s + 3*c = -306*s - 12619. What are the prime factors of s?
2, 19, 83
Let u(l) = -168*l - 66. Let d(a) = 13266*a + 5214. Let c(z) = 5*d(z) + 396*u(z). What are the prime factors of c(-8)?
2, 3, 11, 23
Suppose -2*r = 900 - 6256. What are the prime factors of r?
2, 13, 103
Let t(i) = -i**3 - 11*i**2 - 10*i - 1. Let x be t(-10). What are the prime factors of x/(-2) - (-97350)/132